 = -5*d. Suppose r + d = 3*r. Let j = 13 + r. List the prime factors of j.
2, 7
Suppose -c = -33 - 268. Suppose 324 + c = 5*l. What are the prime factors of l?
5
Let x(u) = u - 28. Let l(v) = 4*v - 112. Let o(i) = 2*l(i) - 9*x(i). Let f(r) = -18*r - 162. Let d be f(-9). List the prime factors of o(d).
2, 7
Let o(s) be the first derivative of s**3/3 + s**2 - s - 8. Let v be o(9). Suppose 0 = -2*z + v - 22. List the prime factors of z.
2, 19
Let g(t) = t**2 + 8*t - 34. Let y(u) = -2*u**2 - 7*u + 35. Let m(q) = -2*g(q) - 3*y(q). What are the prime factors of m(6)?
137
Suppose 0 = 3*r - 6*r + 48. Let k = r - -14. List the prime factors of 468/k - 4/(-10).
2
Let z = 15 + -5. What are the prime factors of z/30 + (-1162)/(-6)?
2, 97
Suppose -4*u + 76 = 3*j, 3*j - 2*u - 116 = -j. Let h = j - 60. What are the prime factors of h/12*(-2 - 1)?
2
Let n(s) = s**3 + 6*s**2 - 2*s + 1. Let z = -1 + -5. Let o be n(z). Suppose -4 = -15*k + o*k. What are the prime factors of k?
2
Suppose -94*a = -110*a + 66560. List the prime factors of a.
2, 5, 13
Let b(u) = -u**3 - 13*u**2 + 7*u + 39. What are the prime factors of b(-14)?
137
Let i = 103 - -444. What are the prime factors of i?
547
Let k(o) = -38*o - 20. Let h(c) = -c**2 + 9*c + 6. Let f be h(10). List the prime factors of k(f).
2, 3, 11
Let z = 30 + 18. Suppose 0 = a - z + 128. Let g = a - -131. What are the prime factors of g?
3, 17
Suppose -4709 = -2*v - 963. What are the prime factors of v?
1873
Let x(g) = -g**2 + 10*g - 9. Let b be x(9). List the prime factors of (-18 + b)*1*42/(-9).
2, 3, 7
Let i(r) = -172*r**3 + 3*r**2 + 4*r + 2. List the prime factors of i(-1).
173
Suppose -2*u = -17*a + 12*a - 5630, 5*u - 3*a - 14075 = 0. What are the prime factors of u?
5, 563
Suppose 24*p - 20*p - 5944 = 0. List the prime factors of p.
2, 743
Suppose 5*p + 13 = l, p - 4*l = 4*p - 6. Let k(d) = 8*d + 1. Let r(t) = t - 1. Let f(h) = -k(h) + 3*r(h). What are the prime factors of f(p)?
2, 3
Suppose 3*j = 3*q + 240, 0 = -5*j - 7*q + 2*q + 390. Suppose -j = -3*c - d, -2*c = 2*d - 0 - 46. List the prime factors of c.
2, 7
Suppose 2*d + 12 = -0*d. Let s(b) = -b**3 - 4*b**2 + 16*b. Let k be s(-7). What are the prime factors of d/(-3)*k/14?
5
Let h(r) = r**2. Let b be h(-1). Let o be 9/(9/(-4)) - -10. Let n = o - b. What are the prime factors of n?
5
Suppose 4*y = -4*b + 8304, -4*b + 7*b - 8307 = -4*y. What are the prime factors of y?
3, 7, 11
Let i = 13 + -14. Let w = i + 4. Suppose -40 = -w*k + k. What are the prime factors of k?
2, 5
Suppose 10 = -5*c + 3*c, -3*c = 5*p + 130. Let j = 96 + p. List the prime factors of j.
73
Let p(v) = -1 + 10 + 7 - 3 + 236*v. What are the prime factors of p(1)?
3, 83
Let g be (-16)/56 + 846/21. Let a = g - 27. List the prime factors of a.
13
Let c(y) = -y**2 + 1. Let r be c(-3). Let s = -142 + 172. Let t = s + r. List the prime factors of t.
2, 11
Let c(x) = x**2. Let m(i) = -9*i**2 + i + 13. Let r(u) = 5*c(u) - m(u). List the prime factors of r(4).
3, 23
Let v = -7 + -1. Let c be (-6)/v*80/30. Suppose -c*g = -16 - 22. What are the prime factors of g?
19
Suppose -3*l - 2*v = 13 - 39, -3*l = -4*v - 2. Suppose -2437 = -l*j - 727. List the prime factors of j.
3, 5, 19
Suppose -5*t = a - 17198, 3*a + 6767 = 5*t - 10439. List the prime factors of t.
2, 5, 43
Let b = 916 + 375. What are the prime factors of b?
1291
Let b = -6 + 8. Suppose 15 = -3*m - 2*m, b*m = 2*i - 52. What are the prime factors of i?
23
Suppose -3*s - 8 = 3*u - 23, -2*u = -2. Suppose -2*j - j - 6 = 3*i, 0 = -2*i + s*j + 26. Suppose i*b = 7*b - 128. List the prime factors of b.
2
Let z(o) = 2*o**2 - 3*o**2 + 10 + 4 - 4*o. What are the prime factors of z(-5)?
3
Let d = 104 - 41. What are the prime factors of (-4)/14 - (-1908)/d?
2, 3, 5
Let n = -86 - -96. What are the prime factors of 1998/n - (-4)/(-5)?
199
Suppose 0 = 6*y + 35*y - 24805. List the prime factors of y.
5, 11
Let v(r) = r**3 + 6*r**2 - r. Let z be (-2 + (-3)/(-2))*-10. Suppose -39 = z*g - 9. What are the prime factors of v(g)?
2, 3
Suppose -5*o + 5 = 5*z, -4*o - 43 + 12 = -3*z. Let c(t) = -46*t + 7. List the prime factors of c(o).
191
Let y(u) = 7*u**2 - 7*u + 10. Let p be y(5). What are the prime factors of (50/15)/(2/p)?
2, 5
Suppose 5*d - 2*p + 27 = 0, 0 = -3*d - 2*p - 0*p - 13. What are the prime factors of (-4 - d)/(1*3/477)?
3, 53
Suppose -4*a + a + 24 = -3*f, -a + 23 = -4*f. Suppose -3*v + 32 = -a*n - 55, -2*n = v - 29. What are the prime factors of v?
29
Let w(u) = u**3 - 7*u**2 + 7*u + 9. Let p be w(5). List the prime factors of 1182/18 - (-4)/p.
5, 13
Let h(g) be the first derivative of g**3/3 - 11*g**2/2 - 8*g + 5. Let y be h(12). List the prime factors of 1/(y + (-429)/108).
2, 3
What are the prime factors of (-15 - 8)*(1 + -18)?
17, 23
Let r(h) = 3*h + 12. Let s(l) = -4*l + 1. Let a be s(-2). List the prime factors of r(a).
3, 13
Let p(l) be the first derivative of l**3/3 + 6*l**2 + 5*l + 9. List the prime factors of p(-17).
2, 3, 5
Let j be ((-2)/1)/(-6)*9. Suppose -2*h - 109 = -3*p - 0*h, j*p = -h + 112. Let f = 85 - p. List the prime factors of f.
2, 3
Let d(f) = 4*f**3 + 4 - 2*f**3 - 2 + f - 7*f + 4*f**2. List the prime factors of d(2).
2, 11
Let l be (-93)/(-18) - (-1)/(-6). Suppose -l*m = t - 25, -4*t + 76 = 2*m - 42. What are the prime factors of t?
2, 3, 5
Suppose 766*f + 12887 = 773*f. List the prime factors of f.
7, 263
Let q be 2 + ((-75)/(-5))/(-5). List the prime factors of 56 - (-1 + q + 0).
2, 29
Suppose 0 = 4*b - 5*n - 1 + 42, -n = -5. List the prime factors of (4/(-16) + -1 + -26)*b.
109
Let y = 55 - 53. Suppose 0 = -y*f - g + 150 + 89, 0 = g + 1. What are the prime factors of f?
2, 3, 5
List the prime factors of 4143/5*(-75)/(-15).
3, 1381
Suppose -4*n - 22350 = -29*n. List the prime factors of n.
2, 3, 149
Let i(k) = k**3 - 4*k**2 - 5*k - 19. Let p be i(10). Suppose -2*f + p = 5*c, -2*c - 2*c - f = -423. What are the prime factors of c?
3, 5, 7
Suppose -2*h - 5*x = -20, 0 = 2*h - 3*h - 5*x + 15. Suppose 165 = -h*r - 25. Let j = -35 - r. List the prime factors of j.
3
Suppose -3*u + o + 131 = -22, -153 = -3*u + 5*o. Let w be ((-24)/(-10))/((-1)/5). What are the prime factors of u/2 + (-6)/w?
2, 13
Let v(h) = 5*h**2 + 37. List the prime factors of v(-17).
2, 3, 13, 19
Suppose 5*u - 4573 = -s, 104*u - 4564 = 99*u + 2*s. List the prime factors of u.
2, 457
Suppose 4*y = -5*m + 3372, -5*y = 2*m + 3*m - 3375. Suppose 9*r = 5*r + m. List the prime factors of r.
2, 3, 7
Let h(s) = s + 12. Let y be h(-9). Let j = 1 + y. Let t(r) = 3*r - 6. List the prime factors of t(j).
2, 3
Let p(f) = 39*f**2 - 3*f + 2. Let q be p(2). Suppose -2*z = 5*a - 194, 4*a + q = 3*z - 93. List the prime factors of z.
3, 29
What are the prime factors of (-21)/(-28)*(-7288)/(-6)?
911
Let z = -21 - -26. Suppose 0 = -z*g + 11 + 9. What are the prime factors of g?
2
Let u(r) = -115*r - 41. List the prime factors of u(-4).
419
What are the prime factors of (-9)/6 - (6974/(-4) + -4)?
2, 3, 97
Let p(m) = m**3 + 18*m**2 + 16*m - 17. Let h be p(-17). Suppose -3*f - 8*y = -9*y - 449, h = -f + y + 153. What are the prime factors of f?
2, 37
Let i(s) = s**3 - 15*s**2 - 23*s + 26. What are the prime factors of i(17)?
3, 71
Suppose -11*f = -1618 - 1924. List the prime factors of f.
2, 7, 23
Let n = -44 - -40. What are the prime factors of (36 - (0 - n))*3?
2, 3
Suppose 5*f - 12 = 13, 2*f = 4*g - 1878. List the prime factors of g.
2, 59
Suppose 4*s - 69 = -c, -1 = 4*s - 2*c - 55. Suppose -j - 2*r = -0*r - 2, 4*j - s = -4*r. Suppose 51 = j*q - 9. List the prime factors of q.
2, 5
What are the prime factors of 2 + (-4 - -7) - -206?
211
Let u(q) = 2*q**2 - 8*q + 1. Let z = -21 + 53. Suppose 5*n - 5 = -4*k + z, k - 3*n = 5. What are the prime factors of u(k)?
5, 13
Suppose 11*l - 34*l = -21712. What are the prime factors of l?
2, 59
Let h(i) = 3*i**2 + 11*i + 1. Let m be h(-4). Suppose -429 = -m*r + g, -5*g - 30 = -3*r + 245. List the prime factors of r.
5, 17
Let o be (5 - (1 - -1)) + (-2387)/(-7). Suppose 11*s = 7*s + o. What are the prime factors of s?
2, 43
Let h = 2199 + -2022. List the prime factors of h.
3, 59
Let b = 275 + -196. Let r = b + -42. List the prime factors of r.
37
Let f(u) = u**2 + 6*u + 6. List the prime factors of f(-11).
61
Let q be (1 + -1)/(5 + -4). Suppo